e hundreds digit of a?
1
Let z = 568 - -200. Let f = z - 429. What is the units digit of f?
9
Suppose 2481 + 3219 = 20*r. Let n(i) = -i**3 - 4*i**2 - 6*i - 7. Let g be n(-3). Suppose -r = -3*x - 2*c, 0 = c - g*c + 3. What is the units digit of x?
3
Suppose -4*h + 41 = -2*q - 253, 0 = h + q - 72. Let m = -28 + h. What is the units digit of m?
5
Let n(x) = -79*x + 4084. What is the hundreds digit of n(0)?
0
Suppose -28*r - 3*i = -24*r - 25703, 5*i - 19258 = -3*r. What is the hundreds digit of r?
4
Suppose 52*s = -294937 + 1703565. What is the hundreds digit of s?
0
Suppose 5*w + 5861 = z, 5816 = z + 4*w - 81. What is the hundreds digit of z?
8
Suppose 0 = 8*l + 3*l + 649. Let c = l + 56. Let k = c + 7. What is the units digit of k?
4
Let k be (48/(-10))/((-9)/30 - 0). Suppose k = -3*v + 25. What is the hundreds digit of 3/(9/v)*137?
1
Let p be (-1217)/(-3) - 2/(-6). Let s be (-2 + 9)/((-3)/(-276)). Suppose 4*v = -2*o + p, -5*v - 5*o = 144 - s. What is the tens digit of v?
0
Let y = 22 - -48. Suppose -i - i = -8, i = 3*m + y. Let w = -15 - m. What is the units digit of w?
7
Suppose -2*n - 8 = -4*k, 0*k + 10 = 5*n - 4*k. Suppose -18*i + 64 = 14*i. What is the tens digit of 6/(36/302)*n/i?
5
Suppose 0 = 5*x + 2*f - 6*f - 4, x - 4 = 4*f. Let m be x - 1/(2/(-8)). What is the tens digit of (1 - m)/(3/(-87))?
8
Suppose -4*j + 21957 = w, -305*w = -309*w + 7*j + 87943. What is the units digit of w?
7
Suppose z + 3 = 2*r, 18 = 7*z - 2*z + r. Suppose f = 35*p - 39*p + 5783, -4356 = -z*p + 3*f. What is the hundreds digit of p?
4
Suppose 0 = -4*v + w - 2495, -1895 = 58*v - 55*v + 4*w. Let j = -358 - v. What is the tens digit of j?
6
What is the thousands digit of (-9)/(-12) + 3/12 - (12 + -1379)?
1
Suppose -2*h = -3*a - 6222 - 2521, 3*a = 4*h - 17471. What is the thousands digit of h?
4
Let t(l) = l**3 - 109*l**2 - 86*l + 573. What is the units digit of t(110)?
3
Let n(b) = 5*b**2 - 168*b - 339. What is the tens digit of n(71)?
3
Suppose 6*i + 55 = -p + i, 3*p + 4*i + 154 = 0. Let b(s) = -s**2 - 31*s + 209. Let w be b(-38). Let d = p - w. What is the units digit of d?
7
Let t(u) = -4*u**2 - 5*u - 4. Let v be t(-2). Let m be 24/v*(-10)/3. Let g = m - -7. What is the tens digit of g?
1
Suppose -18*f + 257026 = -6*f + 2*f. What is the ten thousands digit of f?
1
Let y be ((-114)/76)/((-1)/6). Let c(g) = 9*g**2 - 31*g - 1. What is the tens digit of c(y)?
4
Suppose -c = 4, -c = -b + 3 - 1. Let n(u) = -34*u + 345. Let f be n(10). What is the units digit of (-88)/b + f + -5?
4
Let r = -859 + 863. Let i be 0 + -154 - (2 - 0). Let f = r - i. What is the tens digit of f?
6
Let x = 164 - 54. What is the hundreds digit of (-68)/17 - (4 - x)?
1
Suppose 4*a + 3*q = 36, -5*q = 4*a + 1 - 37. Suppose w + 448 = a*w. Suppose -9*b + 13*b = w. What is the units digit of b?
4
Suppose -3*y = -8*y + 15. Suppose z + 8 = -3*x, -5 + y = 4*z + 2*x. What is the units digit of (z + 0)*(21 - 20)?
1
Let w(i) be the third derivative of -i**4/24 + i**3 - 9*i**2. Let m be w(2). Suppose h - 3*h + m*r + 128 = 0, r = 4*h - 242. What is the tens digit of h?
6
Let w = -175 + 96. Let k = -47 - w. Let c = 90 - k. What is the units digit of c?
8
Let h(d) be the second derivative of -d**3/3 + 27*d**2 - 2*d. What is the tens digit of h(21)?
1
Suppose 909*t - 900*t = 518445. What is the tens digit of t?
0
Let o be (-488)/(-168) + -2*(-3)/63. Suppose -3*s + 4*p + 58 = 0, 5*s + p = o*p + 92. What is the tens digit of s?
1
Suppose 0 = -6*c + 10*c + 7*c. Suppose c = 15*n - 19231 + 5401. What is the tens digit of n?
2
Let w(r) = 31 + 31*r + 3334*r**2 + 20*r - 3335*r**2. What is the units digit of w(42)?
9
Let n(b) = 124*b**3 + 15*b**2 - 118*b + 547. What is the hundreds digit of n(8)?
0
Suppose n = 5*c + 158, 5*n - 4 = c + 18. Let h be c + -3 + (-4 - -11). Let t(o) = -o**2 - 29*o + 65. What is the units digit of t(h)?
3
Let m = -45424 - -74510. What is the tens digit of m?
8
Let r = -561 + 577. What is the units digit of (60/r)/((-18)/(-2760))?
5
Let q = 23284 - 14599. What is the thousands digit of q?
8
Let f = -4966 - -12467. Suppose 19*h = 4754 + f. What is the units digit of h?
5
Let s = -125 + 190. Let d = 515 + s. Suppose -d = -5*n + 6*m - m, 2*m - 440 = -4*n. What is the units digit of n?
2
Suppose -91*t + 26*t + 4903560 = 295*t. What is the hundreds digit of t?
6
Suppose 1755077 = -267*g + 556246 + 6801292. What is the thousands digit of g?
0
Suppose -3*u + 4539 = 2*u - b, 5*b = -4*u + 3608. Suppose 1368 + u = 7*d. What is the units digit of d?
5
Suppose 10*y = -y + 2*y + 9675. What is the tens digit of y?
7
Suppose 0 = -3*q - q - 240. Let o be (q/25)/(-6)*15/1. Let r(i) = 4*i**2 + 8*i - 24. What is the tens digit of r(o)?
6
Let a = -1237 - -1947. Suppose 0 = 8*p - 13*p - a. Let r = -98 - p. What is the units digit of r?
4
Suppose -30*w - 44 = -584. Suppose w*y - 5 = 17*y. What is the units digit of y?
5
Let p be 667/161 - (-2)/(-14). What is the hundreds digit of 175 + p/(-6) + 16/6?
1
Let l = -89 - -867. Let g = 1436 - l. What is the hundreds digit of g?
6
Suppose 13*v - m + 9125 = 17*v, -2*v - 5*m = -4585. Suppose r + 2*r - v = 0. What is the hundreds digit of r?
7
Suppose 5*p - 1241 = -4*t + 483, 3*t - 5*p - 1293 = 0. Let i = -302 + t. What is the units digit of i?
9
Let b(a) = -2204*a + 7605. What is the units digit of b(-29)?
1
Suppose -3*b = -2*i + 13768, 11*b + 2 = 12*b. What is the tens digit of i?
8
Let o be (-3)/(-3) + 602 - 7/(-7). Suppose o = 4*r - 612. What is the hundreds digit of r?
3
Let b = 375 + -368. What is the hundreds digit of (3 + (-4422)/(-9))*(b - 4)?
4
Suppose -b + 5*h = 52, 4*h = b + b + 128. What is the tens digit of (-7 - -1)*17916/b?
9
Suppose -6272 = 13*w + w. Let b = w - -702. What is the units digit of b?
4
Let i = 44 + -17. Let g be 12/(-9)*i/(-12). Suppose -g*m + 138 = -3*q, 4*m - 3*q - 163 = -6*q. What is the units digit of m?
3
Let n(r) = 99 + 6*r**2 - 193 + 98 + 7*r. Suppose -20 = 3*w - 5. What is the hundreds digit of n(w)?
1
Suppose 0 = 3*v - 15*v + 24. Suppose -v*d + 4*x = -36, -x = 4*x + 15. Suppose d*u - 1742 = 574. What is the units digit of u?
3
Let b(w) = -w**2 - w + 76. Let m be b(0). Suppose -118*u + 127*u = 279. Let a = m - u. What is the tens digit of a?
4
Let k(h) = -14 - 15*h**2 - 18 + 39*h**2 + 7*h + 9*h + h**3. Let d be k(-24). Let s = -186 - d. What is the units digit of s?
0
Let i(v) = v**2 - 6*v + 7. Let m = -8 - -11. Let k be i(m). What is the tens digit of (k + 3)/((-2)/(-22))?
1
Suppose 4*u - 231*b + 226*b = 324510, 5*u - 4*b = 405651. What is the hundreds digit of u?
1
Let s(d) = 3569*d**2 - 196*d - 195. What is the thousands digit of s(-1)?
3
Let d be 1*((1 - 1) + (-8)/(-4)). Suppose 4*q = -3*i + 1705, d*q + 3*q - 583 = -i. What is the units digit of i?
3
Suppose 65120 = 2*w + 2*h, w = -5*h + 38508 - 5948. What is the ten thousands digit of w?
3
Let o = 1314 + 404. Suppose -10*f = -682 - o. What is the units digit of f?
0
Suppose 4456 = -240*d + 248*d. Let k = 1218 - d. What is the hundreds digit of k?
6
Suppose -4*o + 5*b = 899, 25*b = 5*o + 24*b + 1108. Let f = o - -312. What is the tens digit of f?
9
Let a = 60 + -38. Let f(k) = -24*k + a*k - 18*k. What is the tens digit of f(-4)?
8
Let k(v) = 46*v**2 - 10*v - 328. What is the thousands digit of k(-14)?
8
Suppose -3*o = 7*o - 560. Let w(y) = 12 + o + 5*y + 15. What is the tens digit of w(0)?
8
Suppose 0 = 27*j - 25*j. Suppose -3*n + 3*i = -3648, -n - 4*i + 11 + 1225 = j. What is the thousands digit of n?
1
Suppose -2*z + 13 = 9. Suppose 3*j - 156 = -3*k, -2*k - z*j = -4*k + 96. Let c = 112 - k. What is the units digit of c?
2
What is the tens digit of (-11 - (0 - 2))*(-495 - 119)?
2
Let k = -2562 - -3308. What is the tens digit of k?
4
Suppose -13*o + 8*o + 9 = -2*p, 5*o = 4*p + 3. What is the units digit of p - -6*(-17)/(-2)?
4
Let g = 323 + -304. Suppose 66*q - 11468 = g*q. What is the units digit of q?
4
Let p(f) = 6*f**3 - 2*f**2 + 30*f + 82. What is the hundreds digit of p(11)?
1
Let o(a) = -2*a**3 + 9*a**2 - a - 12. Let k be o(-6). Suppose 5*d - 1123 = n - 4*n, 0 = -2*n - 4*d + k. What is the tens digit of n?
7
Let r(s) = -5810*s - 6194. What is the units digit of r(-5)?
6
Suppose 0 = -20*u + 17*u + 27. Let i be u/6*10/3. Suppose i*g - g = 124. What is the tens digit of g?
3